7.
128657
What are the prime factors of 431741?
193, 2237
List the prime factors of 59702.
2, 29851
List the prime factors of 187711.
187711
What are the prime factors of 684349?
684349
List the prime factors of 121133.
29, 4177
List the prime factors of 596158.
2, 173, 1723
List the prime factors of 851784.
2, 3, 35491
What are the prime factors of 399028?
2, 7, 14251
List the prime factors of 188218.
2, 94109
List the prime factors of 481765.
5, 96353
What are the prime factors of 418863?
3, 17, 43, 191
What are the prime factors of 8020229?
7, 1145747
List the prime factors of 377638.
2, 17, 29, 383
List the prime factors of 2466583.
7, 352369
List the prime factors of 29715329.
7, 31, 37, 3701
What are the prime factors of 337299?
3, 29, 3877
List the prime factors of 206704.
2, 12919
List the prime factors of 1306130.
2, 5, 7, 47, 397
What are the prime factors of 635423?
635423
What are the prime factors of 1089171?
3, 121019
What are the prime factors of 1738218?
2, 3, 211, 1373
What are the prime factors of 5767977?
3, 43, 61, 733
List the prime factors of 126490.
2, 5, 7, 13, 139
List the prime factors of 8076911.
8076911
List the prime factors of 47448.
2, 3, 659
List the prime factors of 23609258.
2, 1201, 9829
List the prime factors of 3770233.
3770233
What are the prime factors of 14803756?
2, 11, 509, 661
List the prime factors of 2191451.
2191451
What are the prime factors of 3945790?
2, 5, 394579
What are the prime factors of 122317?
13, 97
What are the prime factors of 5060639?
5060639
List the prime factors of 1124855.
5, 367, 613
List the prime factors of 18842210.
2, 5, 1884221
List the prime factors of 155368.
2, 19421
What are the prime factors of 144696?
2, 3, 6029
List the prime factors of 1590459.
3, 13, 3137
What are the prime factors of 10349791?
199, 52009
What are the prime factors of 13913071?
3467, 4013
What are the prime factors of 233046?
2, 3, 11, 107
What are the prime factors of 29489345?
5, 5897869
What are the prime factors of 182748?
2, 3, 97, 157
What are the prime factors of 1495824?
2, 3, 11, 2833
List the prime factors of 674948.
2, 168737
What are the prime factors of 261110?
2, 5, 26111
List the prime factors of 9877253.
109, 90617
List the prime factors of 617468.
2, 29, 5323
List the prime factors of 2523790.
2, 5, 23, 10973
What are the prime factors of 8187903?
3, 909767
What are the prime factors of 30178954?
2, 13, 19, 61091
What are the prime factors of 79833?
3, 13, 23, 89
List the prime factors of 15395814.
2, 3, 7, 19, 59, 109
What are the prime factors of 1026222?
2, 3, 17, 10061
What are the prime factors of 237923?
7, 41, 829
What are the prime factors of 35813732?
2, 8953433
List the prime factors of 31698.
2, 3, 587
What are the prime factors of 104711?
104711
What are the prime factors of 2027442?
2, 3, 337907
List the prime factors of 48545.
5, 7, 19, 73
List the prime factors of 1221195.
3, 5, 17, 4789
List the prime factors of 2086319.
37, 113, 499
List the prime factors of 24925993.
29, 97, 8861
List the prime factors of 286745.
5, 57349
What are the prime factors of 2092901?
29, 72169
List the prime factors of 2791207.
83, 33629
What are the prime factors of 14173811?
14173811
List the prime factors of 8813901.
3, 2937967
List the prime factors of 243895.
5, 48779
List the prime factors of 369369.
3, 7, 11, 13, 41
List the prime factors of 206937.
3, 22993
List the prime factors of 8197945.
5, 7, 33461
List the prime factors of 1174228.
2, 11, 26687
List the prime factors of 558646.
2, 11, 67, 379
List the prime factors of 147497.
7, 19, 1109
List the prime factors of 5222974.
2, 2611487
What are the prime factors of 3473421?
3, 7, 193, 857
What are the prime factors of 11795506?
2, 127, 46439
What are the prime factors of 185055?
3, 5, 13, 73
What are the prime factors of 15663094?
2, 43, 182129
List the prime factors of 8884.
2, 2221
List the prime factors of 16179364.
2, 4044841
List the prime factors of 103550.
2, 5, 19, 109
What are the prime factors of 537720?
2, 3, 5, 4481
What are the prime factors of 1576823?
337, 4679
List the prime factors of 1193332.
2, 7, 17, 23, 109
What are the prime factors of 1123859?
11, 71, 1439
List the prime factors of 972061.
71, 13691
What are the prime factors of 48647?
48647
List the prime factors of 6803686.
2, 3401843
What are the prime factors of 13452242?
2, 887, 7583
List the prime factors of 23459625.
3, 5, 7, 331
List the prime factors of 2054711.
31, 79, 839
What are the prime factors of 210774?
2, 3, 35129
What are the prime factors of 1180059?
3, 59, 113
List the prime factors of 179199.
3, 6637
What are the prime factors of 5594103?
3, 23021
What are the prime factors of 901364?
2, 225341
List the prime factors of 574996.
2, 43, 3343
What are the prime factors of 296717?
41, 7237
What are the prime factors of 317182?
2, 158591
What are the prime factors of 185255?
5, 7, 67, 79
What are the prime factors of 900871?
59, 15269
List the prime factors of 207415.
5, 13, 3191
What are the prime factors of 4156835?
5, 831367
List the prime factors of 201475.
5, 8059
List the prime factors of 14634540.
2, 3, 5, 41, 661
List the prime factors of 2570232.
2, 3, 7, 15299
List the prime factors of 2104862.
2, 1052431
What are the prime factors of 521929?
521929
List the prime factors of 242145.
3, 5, 5381
What are the prime factors of 2162452?
2, 540613
List the prime factors of 1194295.
5, 238859
List the prime factors of 70939.
11, 6449
List the prime factors of 956115.
3, 5, 21247
List the prime factors of 1753822.
2, 7, 17, 7369
List the prime factors of 563976.
2, 3, 7, 373
What are the prime factors of 1350504?
2, 3, 18757
List the prime factors of 126437.
59, 2143
List the prime factors of 720447.
3, 7, 13, 29
List the prime factors of 5915642.
2, 97, 30493
What are the prime factors of 88446?
2, 3, 14741
What are the prime factors of 9576717?
3, 23, 138793
List the prime factors of 14861327.
13, 277, 4127
What are the prime factors of 7821056?
2, 137, 223
What are the prime factors of 3648904?
2, 7, 23, 2833
List the prime factors of 1188586.
2, 7, 73, 1163
List the prime factors of 596981.
7, 11, 7753
What are the prime factors of 269539?
269539
List the prime factors of 308286.
2, 3, 11, 173
What are the prime factors of 530245?
5, 173, 613
What are the prime factors of 1295438?
2, 647719
List the prime factors of 12693031.
13, 193, 5059
List the prime factors of 106532.
2, 26633
List the prime factors of 11615525.
5, 464621
List the prime factors of 277477.
59, 4703
What are the prime factors of 232927?
163, 1429
What are the prime factors of 6674207?
31, 215297
What are the prime factors of 1879127?
31, 60617
List the prime factors of 12364568.
2, 587, 2633
What are the prime factors of 11440426?
2, 31, 184523
List the prime factors of 4318347.
3, 11, 130859
List the prime factors of 220749.
3, 73583
What are the prime factors of 19434242?
2, 1553, 6257
List the prime factors of 202230.
2, 3, 5, 7, 107
What are the prime factors of 2881642?
2, 89, 16189
What are the prime factors of 2789835?
3, 5, 61, 3049
What are the prime factors of 978895?
5, 29, 43, 157
List the prime factors of 641095.
5, 7, 13, 1409
List the prime factors of 476649.
3, 211, 251
What are the prime factors of 185929?
17, 10937
What are the prime factors of 25602661?
7, 3657523
What are the prime factors of 200713?
200713
What are the prime factors of 16199570?
2, 5, 1619957
What are the prime factors of 4601?
43, 107
What are the prime factors of 550359?
3, 61151
List the prime factors of 9833870.
2, 5, 479, 2053
List the prime factors of 2225638.
2, 47, 23677
What are the prime factors of 11212269?
3, 3737423
List the prime factors of 1164157.
167, 6971
What are the prime factors of 8194433?
13, 79, 101
What are the prime factors of 6157070?
2, 5, 173, 3559
List the prime factors of 12236381.
37, 43, 7691
What are the prime factors of 8752965?
3, 5, 13, 44887
List the prime factors of 5664072.
2, 3, 23, 31, 331
What are the prime factors of 2650332?
2, 3, 220861
List the prime factors of 84602.
2, 7, 6043
List the prime factors of 27236655.
3, 5, 29, 773
What are the prime factors of 504158?
2, 252079
List the prime factors of 3210957.
3, 59, 6047
Wh